. What is the tens digit of t?
8
Let v(u) = u**3 - 7*u**2 + 9*u - 9. Suppose 3*b = 0, 11 = l + 5*b + 3. What is the tens digit of v(l)?
2
Let o = -19 - -24. Suppose 0*s + 4*s - 60 = o*d, 0 = 2*s + 2*d - 12. What is the tens digit of 425/s*4/5?
3
Let d(p) = -8 + 1 - 6 - 7*p. Let i be d(-2). What is the hundreds digit of 2409/18 - i/(-6)?
1
Let v be ((-20)/(-7))/(16/56). Let s(m) = 5*m**2 - 34*m + 5. What is the hundreds digit of s(v)?
1
Let i = -113 - -983. What is the hundreds digit of (-2)/(-1 - i/(-873))?
5
What is the ten thousands digit of (-10)/6 - (-7 + 6/(-36)*144202)?
2
Let d(q) = 16545*q - 563. What is the units digit of d(1)?
2
Let n(a) = 8*a + 2*a**2 - a + 0 + 31*a**3 + 4 - 39*a**3. What is the units digit of n(-4)?
0
Let r(c) = 12587*c**2 + 165*c + 166. What is the hundreds digit of r(-1)?
5
Let d be (2 + (-14)/(-10))*155/(-31). Let u(p) = 6*p**2 + 53*p + 4. What is the units digit of u(d)?
7
Let i be 5/(-1 - (-3 - -3)). Let f(n) be the first derivative of 2*n**3/3 - n**2 + 10*n - 101. What is the tens digit of f(i)?
7
Let r(a) = 2*a**2 + 1. Let h be r(1). Let o be (-1)/(h/(-3) - 144/(-146)). Suppose 5*v - o - 60 = -4*g, 0 = 2*v - 3*g - 44. What is the tens digit of v?
2
Suppose g + 4*w = -70, -223 = 2*g + 2*g - 3*w. Let c = g - -50. Let p(t) = t**2 - 3*t - 20. What is the tens digit of p(c)?
6
Let w(c) be the first derivative of 86 + 10*c**2 + 14*c**2 - 101. What is the units digit of w(2)?
6
Let q be 40/(-12)*(-2 + -4). What is the units digit of (-102*6/(-30))/(2/q)?
4
Let x(p) = -9*p + 18. Let h be ((-6)/(-9))/(6/(-81)). Let w be x(h). Let v = w + -16. What is the tens digit of v?
8
Let s(o) = 2145*o**3 + 3*o**2 + 2*o - 6. What is the hundreds digit of s(1)?
1
Let k = -381 + 7822. What is the units digit of k?
1
Let r(h) = -39*h - 22. Let l be r(13). Let i = -227 - l. Suppose 4*o - i + 102 = 0. What is the tens digit of o?
5
Suppose -47*z = -63*z + 48176. What is the thousands digit of z?
3
Let d(k) = k**3 - 10*k**2 - 6*k + 2. Let y be d(5). Let j = -58 - y. What is the units digit of j?
5
Suppose -6185 = -3*x + 838. Suppose -x - 495 = 4*o. Let f = -491 - o. What is the hundreds digit of f?
2
Suppose -1131*w = -1130*w - z - 55256, -5*w = -4*z - 276287. What is the tens digit of w?
6
Let q(x) = -38*x + 12. Let h be q(-5). Let l = 939 + -483. Suppose 0 = -5*r - u + l, -4*u + 2 - h = -2*r. What is the units digit of r?
2
Let a(h) = -132*h + 211. Let x be a(-7). Let c = x - -448. What is the thousands digit of c?
1
Suppose -89*p + 406751 = 35977. What is the units digit of p?
6
What is the hundreds digit of (-7)/(-14) + (-81)/(-18) - -12346?
3
Suppose -y = 2*g - 80, 4*y + 5*g = -129 + 461. Let h = -84 + y. Suppose -5*s - h*w + 115 = 0, 0 = s - w - 7 - 7. What is the units digit of s?
9
Let k(h) = -17*h**2 + 44*h**2 + 9*h - 52 - 15*h**2 - h**3 + 5*h**2. What is the hundreds digit of k(16)?
3
Let o = 31 + -21. Let w be (48/o)/(10/2375). Suppose -w = 6*v - 10*v. What is the hundreds digit of v?
2
Suppose -123 = -c - 87. Let q be 12/c + (-4)/(-6). What is the units digit of ((-2)/5)/(1/(-145)*q)?
8
Let g(l) = -l**3 - 34*l**2 - 108*l + 233. What is the ten thousands digit of g(-50)?
4
Let x be (20/(-30))/((-254)/258 + 1). Let v be ((-159)/2 + 2)*48/(-30). Let u = x + v. What is the tens digit of u?
8
Let d(h) = -8*h - 18 + 44 - 7*h. Let z be d(-17). Let i = z - 147. What is the hundreds digit of i?
1
Let a(f) = -2*f**2 - f - 15. Let n be a(8). Let k = n + 107. What is the tens digit of (-6*k/(-18))/(4/(-18))?
6
Let n(q) be the third derivative of -1/60*q**6 + 41*q**2 + 1/12*q**5 + 1/2*q**3 + 0*q + 5/24*q**4 + 0. What is the units digit of n(-3)?
7
Suppose 42*n - 32*n = -300. What is the units digit of (-363)/(-9) - 50/n?
2
Suppose -5*v + 3 = -17. Suppose 96 = -94*y + 96*y. What is the units digit of -126*-4*4*v/y?
8
Suppose -21 = -6*i + 9. Suppose -5*b = 2*p - 10, -4*p + i*p - 5 = 3*b. Suppose -p*l = -h - 683, -3*l + 8*h + 403 = 4*h. What is the hundreds digit of l?
1
Suppose 14569 = -9*r + 67669. What is the hundreds digit of r?
9
Let t = -32 + 30. Let v be (1384/(-24) - -5) + 8/(-6). What is the units digit of (-288)/v*(-57)/t?
2
Let a be ((-92)/(-6))/((-4)/(-54)) - -3. Let s = a + 140. What is the hundreds digit of s?
3
Let h(d) = 14*d + 139. Suppose -3*k = -p - 4, -7*p = -4*p - 2*k + 12. What is the tens digit of h(p)?
8
Let b be 13/((20/16)/(-5)). Let u = b + 53. What is the tens digit of 198 - 5*((-16)/(-20))/u?
9
Suppose 1378 + 942 = s. Suppose 4*p + 12*p - s = 0. What is the hundreds digit of p?
1
Let n(l) = 5*l + 82. Let y be n(-16). Suppose -3*i = -y*w - 6*i + 78, -5*i = 3*w - 119. What is the tens digit of w?
3
Let x = 34 - 29. Suppose 72 = x*p - 323. Let z = 164 - p. What is the units digit of z?
5
What is the tens digit of 5264 + 0 - ((-16 - -26) + -3)/7?
6
Let b be (-1)/(3/(-24) - 0). Let u be (-12)/b*2 + 171. What is the units digit of (-2 - -1)/(-5) - u/(-60)?
3
Let d(u) = 6*u**2 + 37*u - 285. What is the thousands digit of d(12)?
1
Let q = 246 - 205. What is the units digit of (65/4)/(-2 - q/(-20))?
5
Let t be 2/(-3)*(3 - (-84)/(-8)). Suppose t*p = -5*p + 730. Let l = p - -17. What is the tens digit of l?
9
Let i(x) = 3*x**3 - 8*x**2 + 2*x + 1. Suppose 7*u - 21*u + 84 = 0. What is the tens digit of i(u)?
7
Let a = 771 - 472. Suppose 0*n - 394 = -2*n. Suppose -8*b + n = -a. What is the units digit of b?
2
Let y(g) = 7*g**3 - g**2 - g - 1. Let h be (4 - -11)*(-1)/(-3). What is the tens digit of y(h)?
4
Let o be (3*1 - 460/(-40))*-2. Let f be 16/96 - o/6. What is the tens digit of (-1484)/(-35) - 2/f?
4
Let n be 3 + 0 + 8/4. Let b(i) = 2*i**3 + 2*i**2 - 9*i + 6. Let t be b(n). Suppose 5*k - 370 = -5*z, -t = -5*k + 3*z + 141. What is the tens digit of k?
7
Let f(p) = -3*p + 17. Let u = 48 + -44. Let b be f(u). Suppose -4*o - 4*q + 76 = 0, 2*o + 3*q + 87 = b*o. What is the units digit of o?
4
Let n(t) = t**3 + 8*t**2 + 9*t. Let x be n(-5). Let z be ((-15)/x)/(-1 - (-26)/24). Let u(h) = 4*h**2 - h + 8. What is the hundreds digit of u(z)?
1
Let f be (2/(-3))/(18/81*-1). Suppose f*q + 7*j = 9*j + 3561, 0 = -5*j. What is the units digit of q?
7
Suppose 5*f - 79459 = -136*h + 132*h, -3*f = 2*h - 47677. What is the units digit of f?
5
Let k be (-2*(-1)/(-2))/(2/(-8)). Suppose d + 2*g - k = 0, 3*d + 2*g - 2 = 6. Let z(b) = 46*b + 6. What is the units digit of z(d)?
8
Suppose n + 5*y = 1035, 6*n = 7*n - 2*y - 993. What is the thousands digit of n?
1
Let x = 18955 + -5824. What is the ten thousands digit of x?
1
Let i(z) = z**3 - 19*z**2 + 1. Let u be i(6). Let s = u + 569. What is the tens digit of s?
0
Let m(y) = 7*y**2 + y - 12. Let x(k) = 2*k**2 - 3. Let i(q) = -2*m(q) + 9*x(q). Suppose 8 = 3*t - t. What is the units digit of i(t)?
3
Suppose -5*z - 7*s = -8*s - 20070, s - 16065 = -4*z. What is the hundreds digit of z?
0
Let t = -345 + 349. Suppose -4*c + 5*u + 3365 = 0, c - t*u + 2485 = 4*c. What is the hundreds digit of c?
8
Suppose -5*w = -3*l + 70595, 4*l - 20*w + 21*w = 94073. What is the ten thousands digit of l?
2
Suppose 0 = -j - 4*j + 1230. Suppose -4*r + d - 658 = 0, 2*d - 73 = r + 88. Let o = j + r. What is the units digit of o?
1
Let u(g) = g + 15. Let q be u(0). Let a = -3 + q. What is the units digit of 4*(3/a - (-3)/12)?
2
Suppose 0 = -15*g + 6*g + 18. Suppose 3*s - 46 = 5*x, -2*x - 4 = g*s - 8. What is the hundreds digit of 99/(-15) + s - 613/(-5)?
1
Let p(b) = 33*b**3 + 7*b**2 + b + 1. Let o be p(7). Suppose -3 = i, -4*s - i = 1117 + o. What is the tens digit of 2 + (-32)/18 - s/36?
8
Let z(y) = y**2 + 21*y - 19. Let s be z(-22). What is the units digit of s/(-3)*7 - -89?
2
Let k be 8/28 - 1054/14. Let f be 29356/10 - 30/k. What is the tens digit of f/20 - (-1)/5?
4
Let q(b) = -12197*b + 53 + b**2 + 12130*b + 2*b**2. What is the units digit of q(22)?
1
Let d(b) = -b**3 + 35*b**2 + 3*b + 64. Let v be d(35). Suppose 160*u - v*u = -225. What is the units digit of u?
5
Suppose 0 = -7*i + 24 + 11. Suppose 2*s - 2*r = -3*r + i, 3 = 3*r. Suppose -s*x + 10 = 0, 3*h - 3*x - 233 = 355. What is the units digit of h?
1
Suppose 2*d + a - 43857 = 0, -4*d - 4*a + 707 + 86993 = 0. What is the thousands digit of d?
1
Let o = 191 + -131. Let t(n) = -o - 7*n + 2*n**2 + 28 + 26. What is the units digit of t(-4)?
4
Suppose 28029 